 10?
-14
In base 15, what is -7a1 + -1?
-7a2
In base 2, what is 110110 + -1111?
100111
In base 8, what is 667 + -4?
663
In base 7, what is -24 + 0?
-24
In base 2, what is 100010100 + -101?
100001111
In base 10, what is -4133 + -2?
-4135
In base 9, what is -1 - 86?
-87
In base 3, what is 10 - -222?
1002
In base 13, what is 4 - -385?
389
In base 14, what is -a7 + 9?
-9c
In base 8, what is -2 + 25?
23
In base 2, what is 1111110110 + 0?
1111110110
In base 13, what is -2 + 3b?
39
In base 12, what is 27 + -2?
25
In base 3, what is -11 - -10022?
10011
In base 5, what is 2 + 2014?
2021
In base 9, what is -10 + 71?
61
In base 12, what is 9 + -3?
6
In base 6, what is 1114 + -1?
1113
In base 13, what is 5 - -36?
3b
In base 9, what is -4 - 502?
-506
In base 7, what is -42 + -40?
-112
In base 5, what is 0 + 121?
121
In base 9, what is -311 - -2?
-308
In base 5, what is 10110 - 2?
10103
In base 8, what is 0 + -105?
-105
In base 15, what is 17 + -5?
12
In base 3, what is -2 - 11?
-20
In base 10, what is 144 + -4?
140
In base 5, what is -12220 + 12?
-12203
In base 6, what is 5 + 10031?
10040
In base 4, what is -2 - -1001113?
1001111
In base 7, what is 2630 - 3?
2624
In base 9, what is 805 - -5?
811
In base 16, what is 3 - 44?
-41
In base 2, what is -1 + 1101000?
1100111
In base 12, what is -1 + 359?
358
In base 3, what is 12 + -1122?
-1110
In base 7, what is -6 + -2452?
-2461
In base 14, what is 0 + 135?
135
In base 5, what is 2 - -41?
43
In base 8, what is 30 - 5?
23
In base 8, what is 220 + -1?
217
In base 12, what is -158a - -5?
-1585
In base 12, what is 3 + 3?
6
In base 14, what is -5 + 8d8?
8d3
In base 4, what is -130 + -103032?
-103222
In base 9, what is 5 - 210?
-204
In base 9, what is 14 - -13?
27
In base 2, what is -1010001 + 11100?
-110101
In base 12, what is -18 + a?
-a
In base 7, what is 1401 + -5?
1363
In base 13, what is -223 - -6?
-21a
In base 10, what is -27 - 67?
-94
In base 13, what is 2 - 16?
-14
In base 15, what is 5a - -7?
62
In base 9, what is -25232 - 3?
-25235
In base 4, what is -2 - -22?
20
In base 8, what is 5 - -24?
31
In base 7, what is -2045 - 2?
-2050
In base 13, what is 1 + -3526?
-3525
In base 11, what is 212 + 3?
215
In base 13, what is 0 - c?
-c
In base 11, what is 4 - -2?
6
In base 7, what is -5 - -141?
133
In base 12, what is 1a8 - 12?
196
In base 3, what is -11 + 12202000?
12201212
In base 11, what is 4 + -38?
-34
In base 14, what is -2 - 116?
-118
In base 4, what is -10 - 131?
-201
In base 2, what is 1001100 - -1101110?
10111010
In base 15, what is 2 - -1c8?
1ca
In base 8, what is -11 - -13?
2
In base 5, what is -2 - 322?
-324
In base 3, what is 222221 - -12?
1000010
In base 6, what is 145 - 1?
144
In base 15, what is -1 + -2e?
-30
In base 13, what is -5743 - -5?
-573b
In base 11, what is 18 + -15?
3
In base 6, what is 21 - -53?
114
In base 8, what is -151 + -25?
-176
In base 13, what is -1 + 393?
392
In base 16, what is -2 - -36?
34
In base 11, what is -23a + -1?
-240
In base 2, what is 11 + -10?
1
In base 6, what is -4 - 5335?
-5343
In base 10, what is 475 - 5?
470
In base 8, what is 54 + 14?
70
In base 11, what is 5 - 1692?
-1688
In base 7, what is 4 + 2635?
2642
In base 9, what is 1 - 348?
-347
In base 16, what is -9 - -5df?
5d6
In base 8, what is -6027 - 3?
-6032
In base 9, what is -8 + -35?
-44
In base 8, what is 7656 + 2?
7660
In base 13, what is 37 - -5c?
96
In base 3, what is -11 - 10102?
-10120
In base 8, what is 7 - -75?
104
In base 3, what is 100212 - -2?
100221
In base 2, what is -10 - 11010111?
-11011001
In base 8, what is 0 - -23?
23
In base 11, what is -4 - 3a5?
-3a9
In base 11, what is 557 - 1?
556
In base 5, what is 321 + 1?
322
In base 6, what is 0 - 354?
-354
In base 13, what is -1 + 1205?
1204
In base 2, what is -10 + -100100000?
-100100010
In base 11, what is -4 + 283?
27a
In base 2, what is 10 - -1001101011?
1001101101
In base 3, what is 2210 - -222?
10202
In base 15, what is -1 + -231?
-232
In base 13, what is 2b - -10?
3b
In base 10, what is -3 - -113?
110
In base 12, what is 1 + -51?
-50
In base 2, what is 101100101100 - -10?
101100101110
In base 15, what is -3bb + -4?
-3c0
In base 4, what is -2032 - 3?
-2101
In base 16, what is -38 + d?
-2b
In base 7, what is -15335 - 5?
-15343
In base 2, what is 11000010 - 111?
10111011
In base 4, what is -120 + 10?
-110
In base 13, what is -10 + -6?
-16
In base 13, what is -c - -1?
-b
In base 12, what is 2 - -142?
144
In base 16, what is 26 + -ea?
-c4
In base 2, what is 1100001 + 101?
1100110
In base 6, what is 0 + 1031?
1031
In base 15, what is -5e - -5c?
-2
In base 4, what is 111133 + -10?
111123
In base 16, what is 21 + 29?
4a
In base 2, what is -101 + 100010?
11101
In base 8, what is -14 + 16?
2
In base 5, what is 4 - -410?
414
In base 16, what is 1a - -22?
3c
In base 11, what is 1793 - -1?
1794
In base 16, what is 88 + 2?
8a
In base 4, what is 2 - -131011?
131013
In base 12, what is -1601b + 0?
-1601b
In base 3, what is -2121 + 1111?
-1010
In base 7, what is -11 + 145?
134
In base 15, what is 4 + 1944?
1948
In base 12, what is 0 - -9a?
9a
In base 13, what is -87 + -5?
-8c
In base 16, what is -ae + -a?
-b8
In base 2, what is -11101 - -10?
-11011
In base 16, what is -4 - -129?
125
In base 9, what is -2 + 164?
162
In base 5, what is -230 + -131?
-411
In base 8, what is 1007 - 3?
1004
In base 4, what is 20 + 3333?
10013
In base 15, what is -3b - 5?
-41
In base 13, what is 17 + -12c?
-115
In base 3, what is -1202 - -101?
-1101
In base 11, what is -1 - -44?
43
In base 8, what is 10 + 544?
554
In base 14, what is c9 - -10?
d9
In base 3, what is -2 + 11200?
11121
In base 3, what is -2 - 11221102?
-11221111
In base 9, what is 23 - -28?
52
In base 12, what is -1 + 2b1?
2b0
In base 10, what is 7 - 55?
-48
In base 9, what is -2514 + -5?
-2520
In base 4, what is 21 - 11202?
-11121
In base 9, what is 2 - 14?
-12
In base 4, what is 2031 + 3?
2100
In base 7, what is -15 + 5?
-10
In base 10, what is -8810 + -2?
-8812
In base 4, what is -3123130 + -1?
-3123131
In base 12, what is 335 - 5a?
297
In base 3, what is 120 - 20?
100
In base 4, what is -31 + 333?
302
In base 5, what is -420 - -1?
-414
In base 14, what is 3c - 1c?
20
In base 9, what is -8243 + 2?
-8241
In base 16, what is 154 + -16?
13e
In base 9, what is -38 - 3?
-42
In base 6, what is 45 + 1131?
1220
In base 7, what is 0 - 10164?
-10164
In base 14, what is 1b2 + -5?
1ab
In base 7, what is -3 + 4?
1
In base 3, what is -22110121 - -11?
-22110110
In base 11, what is 5 - 46?
-41
In base 4, what is -3 + -1012331?
-1013000
In base 16, what is 15e + 47?
1a5
In base 13, what is 307c + -1?
307b
In base 7, what is -261 + 5?
-253
In base 5, what is 20 + -4400?
-4330
In base 2, what is 101 - -1111?
10100
In base 7, what is 1 + -451?
-450
In base 13, what is -5406 - -2?
-5404
In base 10, what is -2021 - 3?
-2024
In base 3, what is -1 - 112201?
-112202
In base 7, what is -3 - 40?
-43
In base 2, what is 111111 + -100?
111011
In base 12, what is -a - 3?
-11
In base 6, what is -5 - -1553?
1544
In base 16, what is -4 - -1ca?
1c6
In base 4, what is 10 - -320?
330
In base 7, what is -1 + -331?
-332
In base 11, what is 7 + -30?
-24
In base 3, what is -10111 + -2122?
-20010
In base 14, what is -1d + 1?
-1c
In base 11, what is 2 + -2?
0
In base 9, what is -4 + 76?
72
In base 11, what is -3819 - 0?
-3819
In base 4, what is -32 + 1100?
1002
In base 5, what is -132 - -200?
13
In base 16, what is -175 + 21?
-154
In base 10, what is 4 - 3592?
-3588
In base 15, what is 449 + 6?
450
In base 11, what is 124 + -1?
123
In base 3, what is 1011210202 - -12?
1011210221
In base 9, what is -2 + -144?
-146
In base 8, what is -33 + 41?
6
In base 8, what is -2 + -252?
-254
In base 16, what is 1 - -11?
12
In base 3, what is -12 - 1202221?
-1210010
In base 11, what is 3 + -23?
-20
In base 3, what is -11 - 1122?
-1210
In base 2, what is -10100011 - -11011?
-10001000
In base 7, what is 645 - 3?
642
In base 15, what is -5 - -2e?
29
In base 4, what is 1322 + -113?
1203
In base 12, what is -5 - -127?
122
In base 10, what is 889 + -4?
885
In base 4, what is 20110 - -11?
20121
In base 2, what is -1110001010001 - 0?
-1110001010001
In base 13, what is 37 + -30?
7
In base 10, what is 447 + 9?
456
In base 7, what is -4 + 41?
34
In base 2, what is 11100000 + -11